{"id":18,"date":"2020-04-29T13:44:42","date_gmt":"2020-04-29T11:44:42","guid":{"rendered":"http:\/\/fairmaq.cluster028.hosting.ovh.net\/?page_id=18"},"modified":"2020-05-04T02:11:08","modified_gmt":"2020-05-04T00:11:08","slug":"a-propos-de","status":"publish","type":"page","link":"https:\/\/www.fairmaker.be\/?page_id=18","title":{"rendered":"Qui sommes-nous ?"},"content":{"rendered":"<p>Nous sommes une association sans but lucratif (en cours de constitution) n\u00e9e sous \u00ab\u00a0Covid-19\u00a0\u00bb, principalement pour fournir des visi\u00e8res \u00ab\u00a0maker\u00a0\u00bb en urgence (formulaire <a href=\"http:\/\/www.fairmaker.be\/?page_id=76\">ici<\/a>). Nous fonctionnons gr\u00e2ce \u00e0 <a href=\"http:\/\/www.fairmaker.be\/?page_id=120\">votre soutien<\/a>.<\/p>\n<p><span class=\"fontstyle0\">Notre but principal, en dehors de tout esprit de lucre, est de pouvoir r\u00e9pondre, \u00e0 court ou \u00e0 long terme, aux besoins en mat\u00e9riel m\u00e9dical du personnel soignant \u2013 par exemple dans le secteur hospitalier, en maisons de retraite, en maisons m\u00e9dicales ou dans le secteur param\u00e9dical &#8211; qui s\u2019expose \u00e0 un danger accru de contamination dans le cadre de l\u2019exercice de leurs fonctions professionnelles.<\/span><\/p>\n<p><span class=\"fontstyle0\">L\u2019association a \u00e9galement pour objet de r\u00e9pondre \u00e0 d\u2019autres besoins dans le secteur non marchand, qu\u2019ils soient sociaux, sanitaires, m\u00e9dico-sociaux, \u00e9ducatifs ou socio-culturels.<\/span><\/p>\n","protected":false},"excerpt":{"rendered":"<p>Nous sommes une association sans but lucratif (en cours de constitution) n\u00e9e sous \u00ab\u00a0Covid-19\u00a0\u00bb, principalement pour fournir des visi\u00e8res \u00ab\u00a0maker\u00a0\u00bb en urgence (formulaire ici). Nous fonctionnons gr\u00e2ce \u00e0 votre soutien. Notre but principal, en dehors de tout esprit de lucre, est de pouvoir r\u00e9pondre, \u00e0 court ou \u00e0 long terme, aux besoins en mat\u00e9riel m\u00e9dical &hellip; <\/p>\n<p class=\"link-more\"><a href=\"https:\/\/www.fairmaker.be\/?page_id=18\" class=\"more-link\">Continuer la lecture<span class=\"screen-reader-text\"> de &laquo;&nbsp;Qui sommes-nous ?&nbsp;&raquo;<\/span><\/a><\/p>\n","protected":false},"author":1,"featured_media":0,"parent":0,"menu_order":0,"comment_status":"closed","ping_status":"closed","template":"","meta":[],"_links":{"self":[{"href":"https:\/\/www.fairmaker.be\/index.php?rest_route=\/wp\/v2\/pages\/18"}],"collection":[{"href":"https:\/\/www.fairmaker.be\/index.php?rest_route=\/wp\/v2\/pages"}],"about":[{"href":"https:\/\/www.fairmaker.be\/index.php?rest_route=\/wp\/v2\/types\/page"}],"author":[{"embeddable":true,"href":"https:\/\/www.fairmaker.be\/index.php?rest_route=\/wp\/v2\/users\/1"}],"replies":[{"embeddable":true,"href":"https:\/\/www.fairmaker.be\/index.php?rest_route=%2Fwp%2Fv2%2Fcomments&post=18"}],"version-history":[{"count":8,"href":"https:\/\/www.fairmaker.be\/index.php?rest_route=\/wp\/v2\/pages\/18\/revisions"}],"predecessor-version":[{"id":218,"href":"https:\/\/www.fairmaker.be\/index.php?rest_route=\/wp\/v2\/pages\/18\/revisions\/218"}],"wp:attachment":[{"href":"https:\/\/www.fairmaker.be\/index.php?rest_route=%2Fwp%2Fv2%2Fmedia&parent=18"}],"curies":[{"name":"wp","href":"https:\/\/api.w.org\/{rel}","templated":true}]}}