{"id":17,"date":"2020-04-29T13:44:42","date_gmt":"2020-04-29T11:44:42","guid":{"rendered":"http:\/\/fairmaq.cluster028.hosting.ovh.net\/?page_id=17"},"modified":"2020-05-06T19:24:03","modified_gmt":"2020-05-06T17:24:03","slug":"accueil","status":"publish","type":"page","link":"https:\/\/www.fairmaker.be\/","title":{"rendered":"Accueil"},"content":{"rendered":"<p>Face au Covid 19, en Belgique et partout dans le monde, masques et visi\u00e8res sont les premiers remparts \u00e0 compl\u00e9ter les gestes barri\u00e8re.<\/p>\n<p>Notre association source les mati\u00e8res premi\u00e8res et fabrique des \u00ab\u00a0visi\u00e8res makers\u00a0\u00bb, tout comme de nombreux possesseurs d&rsquo;imprimantes 3d dans le monde le font.<\/p>\n<p>Vous travaillez dans le secteur m\u00e9dical ou \u00e9ducatif, et votre organisation a besoin de visi\u00e8res pour continuer ses activit\u00e9s en s\u00e9curit\u00e9? <a href=\"http:\/\/www.fairmaker.be\/?page_id=76\">Completez le formulaire<\/a>. Des questions, r\u00e9actions? Rendez-vous sur notre <a href=\"https:\/\/www.facebook.com\/visieresolidairebelgique\/\">groupe Facebook<\/a>.<\/p>\n\n\n<p><\/p>\n","protected":false},"excerpt":{"rendered":"<p>Face au Covid 19, en Belgique et partout dans le monde, masques et visi\u00e8res sont les premiers remparts \u00e0 compl\u00e9ter les gestes barri\u00e8re. Notre association source les mati\u00e8res premi\u00e8res et fabrique des \u00ab\u00a0visi\u00e8res makers\u00a0\u00bb, tout comme de nombreux possesseurs d&rsquo;imprimantes 3d dans le monde le font. Vous travaillez dans le secteur m\u00e9dical ou \u00e9ducatif, et &hellip; <\/p>\n<p class=\"link-more\"><a href=\"https:\/\/www.fairmaker.be\/\" class=\"more-link\">Continuer la lecture<span class=\"screen-reader-text\"> de &laquo;&nbsp;Accueil&nbsp;&raquo;<\/span><\/a><\/p>\n","protected":false},"author":1,"featured_media":61,"parent":0,"menu_order":0,"comment_status":"closed","ping_status":"closed","template":"","meta":[],"_links":{"self":[{"href":"https:\/\/www.fairmaker.be\/index.php?rest_route=\/wp\/v2\/pages\/17"}],"collection":[{"href":"https:\/\/www.fairmaker.be\/index.php?rest_route=\/wp\/v2\/pages"}],"about":[{"href":"https:\/\/www.fairmaker.be\/index.php?rest_route=\/wp\/v2\/types\/page"}],"author":[{"embeddable":true,"href":"https:\/\/www.fairmaker.be\/index.php?rest_route=\/wp\/v2\/users\/1"}],"replies":[{"embeddable":true,"href":"https:\/\/www.fairmaker.be\/index.php?rest_route=%2Fwp%2Fv2%2Fcomments&post=17"}],"version-history":[{"count":4,"href":"https:\/\/www.fairmaker.be\/index.php?rest_route=\/wp\/v2\/pages\/17\/revisions"}],"predecessor-version":[{"id":254,"href":"https:\/\/www.fairmaker.be\/index.php?rest_route=\/wp\/v2\/pages\/17\/revisions\/254"}],"wp:featuredmedia":[{"embeddable":true,"href":"https:\/\/www.fairmaker.be\/index.php?rest_route=\/wp\/v2\/media\/61"}],"wp:attachment":[{"href":"https:\/\/www.fairmaker.be\/index.php?rest_route=%2Fwp%2Fv2%2Fmedia&parent=17"}],"curies":[{"name":"wp","href":"https:\/\/api.w.org\/{rel}","templated":true}]}}